ine f(8).
-796
Let a(w) = -1052*w + 10662. Give a(8).
2246
Let i(d) = -16047*d + 32. Determine i(0).
32
Let n(x) = 2174*x + 11572. What is n(-6)?
-1472
Let i(z) = z**2 + 330*z - 15629. Calculate i(42).
-5
Let s(f) = -2375*f + 1695751. What is s(714)?
1
Let x(l) = -2*l**2 - 196*l - 3122. What is x(-20)?
-2
Let q(z) = -2*z**3 - 43*z**2 + 58*z + 812. Calculate q(-22).
20
Let s(j) = j**3 + 99*j**2 - 2682*j + 382. What is s(22)?
-58
Let i(d) = -879*d + 7923. Determine i(9).
12
Let y(k) = 51772*k + 61. What is y(0)?
61
Let a(f) = 64*f**2 - 1216*f - 126. Calculate a(19).
-126
Let r(y) = -3*y**2 - 328*y + 3514. Determine r(-119).
63
Let n(v) = -3*v**2 - 4375*v + 26330. Give n(6).
-28
Let w(c) = -1768*c**2 + 326*c + 325. What is w(-1)?
-1769
Let b(k) = 44*k - 1151. Give b(32).
257
Let n(l) = -800*l + 2516. Calculate n(7).
-3084
Let h(r) = 152*r**3 + 1552*r**2 + 341*r + 223. What is h(-10)?
13
Let w(i) = -i**3 - 98*i**2 + 1183*i - 1302. Calculate w(-109).
442
Let a(l) = -1828*l - 188122. Give a(-103).
162
Let f(a) = 10808*a + 43194. Give f(-4).
-38
Let v(d) = -214*d**3 + 2144*d**2 - 37*d - 36. What is v(10)?
-6
Let x(z) = -8*z**3 - 109*z**2 - 89*z - 1668. Determine x(-14).
166
Let m(d) = d**3 + 363*d**2 + 20733*d + 81. What is m(-71)?
10
Let r(l) = -l**3 + 122*l**2 + 3012*l - 1296. Give r(143).
-9
Let b(j) = -1283*j**2 + 5153*j - 76. Calculate b(4).
8
Let d(p) = 3*p**2 + 6486*p + 109397. Give d(-17).
2
Let c(f) = 11*f**2 - 554*f - 2425. Calculate c(-4).
-33
Let l(o) = -97*o**2 + 3139*o - 1134. Determine l(32).
-14
Let m(f) = -15098*f + 60402. What is m(4)?
10
Let d(j) = -j**3 + 230*j**2 - 12380*j - 759. Determine d(144).
-183
Let d(w) = 60956*w - 60917. What is d(1)?
39
Let d(l) = -999*l + 128826. What is d(129)?
-45
Let k(s) = -2022*s + 155. Calculate k(0).
155
Let c(j) = j**2 + 122807*j - 859700. Give c(7).
-2
Let k(q) = 99*q - 12354. What is k(169)?
4377
Let r(c) = c**2 + 129*c + 2825. What is r(-101)?
-3
Let d(x) = -7*x**3 + 329*x**2 + 357*x + 2. Calculate d(48).
1010
Let q(m) = 2887*m**2 + 54858*m + 130. Give q(-19).
35
Let d(w) = 13193*w + 422177. Determine d(-32).
1
Let k(c) = 7*c**3 + 27*c**2 - 3*c - 46. Give k(-3).
17
Let i(u) = 3*u**2 - 2931*u - 11787. What is i(-4)?
-15
Let n(p) = 10*p**2 - 32543*p + 32533. Calculate n(1).
0
Let n(c) = -1130*c**3 - 2*c**2 + 4*c - 5. Determine n(1).
-1133
Let d(v) = 8*v**3 - 1230*v**2 - 1558*v + 1237. Determine d(155).
-3
Let n(a) = a**3 - 255*a**2 + 1007*a - 1048. Give n(251).
-295
Let i(w) = 23517*w - 4891539. Give i(208).
-3
Let z(f) = 40*f**2 - 21324*f - 21319. Calculate z(-1).
45
Let c(s) = 2*s**3 + 547*s**2 + 294*s + 155276. Calculate c(-274).
-356
Let v(p) = 9*p**2 - 44*p - 1366. What is v(15)?
-1
Let x(r) = -r**3 - 876*r**2 - 779*r + 84002. Calculate x(-875).
2
Let p(a) = -14*a**3 - 59*a**2 + 7*a + 25. Calculate p(-6).
883
Let c(l) = 9*l**2 + 219*l + 1009. Determine c(-14).
-293
Let x(v) = 5*v**3 - 120*v**2 - 261*v - 69. Calculate x(26).
-95
Let v(d) = d**3 - 164*d**2 + 355*d - 4541. Calculate v(162).
481
Let x(v) = -2*v**3 - 62*v**2 - 219*v + 1220. Determine x(-8).
28
Let o(c) = 10*c**3 + 3278*c**2 - 3938*c + 3290. What is o(-329)?
0
Let z(d) = 1430*d + 3457. Determine z(-2).
597
Let i(d) = 5*d**3 - 252*d**2 + 1226*d - 70312. Determine i(51).
17
Let n(t) = -2*t**3 - 79*t**2 - 174*t - 5258. What is n(-39)?
7
Let g(a) = -1569*a - 10938. Determine g(-7).
45
Let m(h) = -154*h**2 + 2147*h + 169. What is m(14)?
43
Let s(v) = 75*v + 13096. Determine s(-176).
-104
Let q(k) = -18*k**2 + 467*k - 3639. Determine q(10).
-769
Let h(i) = -i**2 + 1484*i - 34976. What is h(24)?
64
Let b(s) = -2*s**2 + 592762*s - 2963750. What is b(5)?
10
Let f(d) = -d**3 + 742*d - 1471. Calculate f(2).
5
Let i(d) = -878371*d + 1756741. Calculate i(2).
-1
Let c(o) = o**3 - 32*o**2 - 126*o - 415. Calculate c(35).
-1150
Let m(k) = 16*k**3 - 281*k**2 - 7*k - 344. What is m(18)?
1798
Let y(d) = 5*d**3 - 335*d**2 - 10*d + 674. Determine y(67).
4
Let w(p) = -1033*p - 120629. Determine w(-117).
232
Let c(u) = 4*u**3 + 183*u**2 + 1749*u - 4466. What is c(-18)?
16
Let c(i) = -i**3 + 45*i**2 + 479*i - 9. Give c(54).
-387
Let q(z) = 4*z**3 - 69*z**2 + 22*z - 418. Calculate q(18).
950
Let k(m) = -m**3 + 701*m**2 - 36714*m + 3864. Calculate k(644).
0
Let r(j) = 108048*j + 4754103. What is r(-44)?
-9
Let d(j) = -j**2 - 2222*j - 39678. What is d(-18)?
-6
Let o(r) = -1633*r - 302. Determine o(0).
-302
Let h(c) = c**2 + 110*c + 2124. Determine h(-69).
-705
Let y(w) = 55*w**3 + 1324*w**2 + 60*w - 835. Give y(-24).
29
Let x(i) = -1372*i + 375. Give x(-1).
1747
Let l(z) = 4*z**2 - 1081*z + 72988. Determine l(132).
-8
Let n(m) = 109*m**2 - 926*m - 10647. What is n(15)?
-12
Let y(c) = 3*c**2 + 123*c - 979. Calculate y(-48).
29
Let f(w) = 101*w - 4633. Calculate f(46).
13
Let l(q) = 2*q**2 - 254*q - 309. Determine l(0).
-309
Let d(s) = -8*s**2 - 491*s + 1493. Calculate d(-64).
149
Let b(j) = 5*j**3 + 50*j**2 - 2279*j - 18841. Determine b(-8).
31
Let j(l) = -32507*l + 162538. Calculate j(5).
3
Let b(j) = 30*j**2 - 2530*j + 14832. Determine b(78).
12
Let d(x) = -855*x**2 - 17733*x + 4652. Determine d(-21).
-10
Let r(o) = 3*o**3 + 81*o**2 + 421*o - 5. Give r(-20).
-25
Let h(p) = -25136*p + 427271. Give h(17).
-41
Let o(d) = d**2 - 2818*d + 25389. Calculate o(9).
108
Let j(o) = -o**3 - 69*o**2 - 57*o + 13170. Give j(-65).
-25
Let k(a) = 5200*a + 104078. What is k(-20)?
78
Let a(v) = 2*v**3 - 2379*v**2 + 9505*v - 10. Calculate a(4).
74
Let h(z) = z**3 - 415*z**2 - 1559*z - 49043. Calculate h(419).
-20
Let q(v) = 268*v + 4313. What is q(-16)?
25
Let l(m) = -28377*m - 3. Calculate l(0).
-3
Let b(r) = -3*r**2 - 809*r + 42441. Give b(45).
-39
Let c(o) = -o**3 + 32*o**2 + 176*o - 6521. Give c(31).
-104
Let k(t) = -2*t**3 - 555*t**2 - 199*t + 21717. Give k(-277).
111
Let g(k) = k**3 - 766*k**2 + 1116*k + 314781. Give g(764).
13
Let l(g) = 1537*g + 19959. Determine l(-13).
-22
Let a(s) = s**3 + 113*s**2 + 119*s - 205. Calculate a(-112).
-989
Let j(b) = -952*b - 4153. Give j(-3).
-1297
Let l(t) = -17798*t - 729684. Determine l(-41).
34
Let l(i) = -545*i - 4420. Determine l(-7).
-605
Let r(z) = -z**3 - 4*z**2 - 37*z + 1261. Calculate r(9).
-125
Let q(s) = 1454*s**2 - 29083*s + 58. Give q(20).
-2
Let n(m) = 49665*m + 298012. Determine n(-6).
22
Let l(y) = y**3 + 19*y**2 - 180*y + 97. Calculate l(-25).
847
Let i(a) = -5114*a - 25573. Give i(-5).
-3
Let w(g) = 541*g**2 + 57*g + 63. Calculate w(-1).
547
Let l(n) = 402*n - 1857. Give l(6).
555
Let j(s) = -2*s**3 - 43*s**2 + 237*s + 115. Determine j(-27).
1735
Let h(s) = 5474*s - 27361. Give h(5).
9
Let c(u) = 5*u**2 + 818*u + 849. What is c(-163)?
360
Let x(a) = 248*a**2 - 1493*a + 1496. Give x(1).
251
Let j(o) = o**2 - 52949*o + 688130. What is j(13)?
-38
Let y(g) = 4*g**3 + 197*g**2 - 1354*g + 44. Calculate y(7).
1591
Let q(g) = -g**3 + 29*g**2 + 11*g - 411. Determine q(28).
681
Let y(c) = 15*c**3 - 78*c**2 + 6*c - 14. Calculate y(5).
-59
Let h(z) = -32529*z - 33244642. Calculate h(-1022).
-4
Let s(k) = -55*k**2 - 208*k + 27. Give s(-2).
223
Let b(z) = -6314*z - 12720. What is b(-2)?
-92
Let f(v) = -24*v**2 - 561*v - 2599. What is f(-16)?
233
Let h(z) = 25*z**2 + 946*z - 5549. What is h(-43)?
-2
Let s(y) = 11111*y + 1755544. Calculate s(-158).
6
Let q(n) = 87*n**2 + 73569*n - 27941. Calculate q(-846).
-23
Let q(t) = -11*t**3 - 327*t**2 + 27*t - 2176. Give q(-30).
-286
Let f(y) = -y**2 + 180*y - 7472. Determine f(68).
144
Let f(u) = -u**3 + 63*u**2 + 470*u - 25994. What is f(64)?
-10
Let i(p) = p**2 + 43929*p + 131773. Give i(-3).
-5
Let t(l) = -3*l**3 - 54*l**2 - 5*l + 124. Calculate t(-18).
214
Let o(t) = t**3 + 310*t**2 + 14443*t + 1169. Determine o(-57).
-85
Let z(c) = -6*c**2 - 517*c - 66. Calculate z(-86).
20
Let w(o) = 52*o - 10505. Give w(202).
-1
Let r(o) = -o**2 - 62404*o + 2310393. Determine r(37).
76
Let y(t) = -591*t**2 + 36723*t - 5014. What is y(62)?
8
Let h(b) = -12*b**3 + 10*b**2 + 1559*b - 6292. Determine h(4).
-664
Let f(t) = 272*t**2 + 2436*t - 100. Calculate f(-9).
8
Let n(m) = m**3 - 44*m**2 - 75*m + 1344. Determine n(45).
-6
Let g(t) = -2991795*t - 17950760. What is g(-6)?
10
Let n(p) = -17*p**3 - 7*p**2 + 15*p + 38. Determine n(-3).
389
Let u(r) = 380*r + 9368. What is u(-26)?
-512
Let k(q) = -17